01011111110010101011
Convert 474772 (base 11) to base 7.
6254110
2ea67e (base 15) to base 11
1306018
What is -5227644 (base 8) in base 10?
-1388452
Convert 136109 (base 13) to base 9.
786155
Convert -121102201100 (base 3) to base 14.
-85c4d
Convert -188397 (base 11) to base 16.
-46a10
What is b806b (base 12) in base 9?
407862
Convert -4262554 (base 7) to base 10.
-519586
What is 2121475 (base 10) in base 15?
2bd8ba
What is 54255333 (base 6) in base 2?
110001000111101001001
Convert 120020210120212 (base 3) to base 9.
16223525
-1000101111101000111111 (base 2) to base 3
-11022110102112
-333459 (base 11) to base 8
-2016241
102002210111 (base 3) to base 8
652667
What is 20035465 (base 7) in base 2?
110010100010110110111
13504430 (base 6) to base 3
212100202000
What is -362620 (base 14) in base 13?
-4ca486
What is 1404402 (base 5) in base 3?
1110101222
Convert -19b17 (base 15) to base 14.
-22601
What is 963343 (base 10) in base 7?
11121403
Convert 4b2914 (base 12) to base 8.
4536640
Convert -12031642 (base 7) to base 15.
-1610e1
9b09 (base 14) to base 16
68ed
What is -102823 (base 13) in base 4?
-1130003230
Convert -340618 (base 13) to base 11.
-76a537
1430322052 (base 6) to base 15
183d452
261a35 (base 11) to base 12
17a893
12240213 (base 5) to base 2
11100110110100111
-455023 (base 6) to base 2
-1001011100010111
What is 587743 (base 10) in base 11?
371642
Convert -bc7bc (base 16) to base 12.
-312938
-10110101000111000100001 (base 2) to base 15
-7c361a
What is -10455314 (base 6) in base 5?
-40144333
What is 16621636 (base 9) in base 15?
aeb2d9
-259074 (base 10) to base 5
-31242244
148202 (base 9) to base 2
10110010010011001
What is -8118a (base 11) in base 15?
-2526d
Convert 120800 (base 9) to base 3.
10200220000
Convert -10011010110000110011 (base 2) to base 11.
-3a329a
2a6a0b3 (base 13) to base 3
221111220212100
1859186 (base 11) to base 16
2ffe98
Convert 111101001100111001 (base 2) to base 3.
110201212111
146020 (base 10) to base 13
51604
Convert 2410335 (base 8) to base 5.
132102202
-103e3e (base 15) to base 12
-313205
What is -3023213001 (base 4) in base 8?
-3134701
Convert -521bd (base 16) to base 9.
-562305
332459 (base 10) to base 14
89231
-15003524 (base 9) to base 11
-4223971
9dde8 (base 16) to base 12
272260
Convert -1104431101 (base 6) to base 4.
-231230212231
-40887 (base 10) to base 12
-1b7b3
Convert -4304014 (base 6) to base 15.
-42701
What is da75e (base 15) in base 7?
5615660
156533 (base 7) to base 2
111100110100011
-10931b (base 15) to base 12
-32152b
What is 3312002 (base 4) in base 8?
36602
Convert 18410 (base 11) to base 4.
12102320
Convert 4713400 (base 9) to base 11.
1490537
284222 (base 9) to base 3
22211020202
What is 13652452 (base 7) in base 2?
100111011000000010000
Convert 24dfc (base 16) to base 4.
210313330
What is 1907058 (base 13) in base 3?
120101210012100
What is 12221504 (base 6) in base 10?
391792
Convert -303c18 (base 14) to base 9.
-3044731
546125 (base 8) to base 2
101100110001010101
-1101011101100100 (base 2) to base 8
-153544
Convert 1432142 (base 6) to base 8.
240336
Convert -1069897 (base 10) to base 4.
-10011031021
What is 11110110001101100010 (base 2) in base 4?
3312031202
-103425 (base 8) to base 10
-34581
Convert -2fe57d (base 16) to base 7.
-35452301
Convert 103015 (base 9) to base 12.
2b542
Convert 11022110201 (base 3) to base 15.
1a257
What is -271781 (base 9) in base 14?
-443bc
-12240000341 (base 5) to base 12
-4b40b89
Convert 2353101 (base 13) to base 10.
10917063
4ba253 (base 12) to base 5
304203210
What is 106780 (base 15) in base 3?
1110200202210
-612972 (base 14) to base 13
-8a7821
What is 10223220002 (base 4) in base 5?
303233031
2b912 (base 14) to base 4
122203330
What is 5731226 (base 8) in base 9?
2826336
What is 113555 (base 7) in base 16?
502a
What is 311222100 (base 4) in base 8?
655220
Convert 14679b (base 12) to base 11.
2149a5
103032113 (base 4) to base 12
3969b
Convert 5315053 (base 7) to base 2.
10011100111100000100
What is -1443444 (base 6) in base 13?
-2c185
-402332 (base 5) to base 7
-52304
3313152 (base 6) to base 15
33ea8
Convert -1144221302 (base 5) to base 6.
-134234244
Convert -1521b (base 15) to base 11.
-47087
Convert 2eee1 (base 16) to base 12.
932a9
Convert 1204314024 (base 5) to base 12.
b34791
What is 305a2a (base 14) in base 13?
450724
What is 5980a (base 12) in base 4?
131121022
3213213223 (base 4) to base 6
32200111
What is -1224461 (base 7) in base 12?
-772b8
200221232 (base 4) to base 16
20a6e
Convert 53b16 (base 12) to base 5.
12013331
Convert 326815 (base 10) to base 2.
1001111110010011111
What is 1311e1d (base 15) in base 2?
110100010111000011101000
Convert -8e290 (base 15) to base 7.
-3564135
-18d7b44 (base 14) to base 5
-11130243320
What is -4404043 (base 5) in base 8?
-223403
What is -88005 (base 9) in base 10?
-58325
24411210 (base 5) to base 16
38a77
1020321032 (base 4) to base 16
48e4e
Convert -223521521 (base 6) to base 10.
-4100953
What is 201119 (base 14) in base 16?
107553
Convert -290c9 (base 13) to base 4.
-102310010
What is 20766a2 (base 11) in base 13?
9ac4b3
-a988 (base 12) to base 14
-6b44
Convert -8b6590 (base 13) to base 4.
-30211111203
What is 250023 (base 9) in base 5?
14312144
Convert 45550 (base 11) to base 2.
10000000101010111
2332030311 (base 4) to base 14
163cb3
-96a20 (base 15) to base 10
-478155
-244436 (base 13) to base 15
-121a5e
-783620 (base 9) to base 2
-1110010011000101010
13e39 (base 15) to base 9
106650
Convert -42136602 (base 7) to base 3.
-20200122200120
What is 42525106 (base 7) in base 6?
205331341
What is -34937 (base 13) in base 10?
-96038
23344052 (base 6) to base 9
1331305
Convert -55c3 (base 13) to base 7.
-46645
4646461 (base 7) to base 3
1002122012011
Convert -17550878 (base 9) to base 12.
-2b5b015
What is 127249 (base 10) in base 7?
1036663
1011111110001011001010 (base 2) to base 5
1300411000
What is 400547 (base 16) in base 4?
100000111013
What is -1001010011000001010 (base 2) in base 9?
-513810
-20002121010001 (base 3) to base 2
-1100010110111101001110
Convert -436723 (base 8) to base 10.
-146899
-51e3db (base 16) to base 14
-9d9b51
Convert 122010001110120 (base 3) to base 9.
18101416
What is -16a179 (base 13) in base 3?
-1001200220011
Convert -123214040 (base 5) to base 15.
-bd1b5
-2020012002101 (base 3) to base 2
-100100001001110110001
Convert -522754 (base 8) to base 9.
-284051
20111202011 (base 3) to base 4
133101313
Convert 111854b (base 12) to base 5.
1314121110
122013012 (base 4) to base 13
398ac
What is -45501 (base 7) in base 11?
-8764
Convert 378691 (base 15) to base 7.
31421656
Convert -8bab01 (base 13) to base 14.
-621945
Convert -241501344 (base 6) to base 2.
-10001011010011110000000
-402400 (base 8) to base 11
-90490
Convert 1111101011011001111 (base 2) to base 15.
a2348
Convert -122223020 (base 4) to base 10.
-109256
Convert 1110110101010001 (base 2) to base 12.
2b1a9
What is -3120030331 (base 5) in base 14?
-bcb4da
What is 7538218 (base 10) in base 5?
3412210333
What is -2012457 (base 9) in base 12?
-437b51
Convert 50543 (base 10) to base 13.
1a00c
-131121320 (base 4) to base 16
-1d678
-1121631 (base 7) to base 3
-21002221010
What is 1010330110 (base 4) in base 11?
183187
Convert 3581358 (base 11) to base 5.
3044120243
What is 70d1d (base 14) in base 2?
1000010010001111111
What is 20210112112222 (base 3) in base 15?
4b55ee
Convert b682 (base 16) to base 15.
dc9c
Convert -1342451344 (base 6) to base 13.
-3510c43
a4330 (base 15) to base 4
1333010112
What is -332222022 (base 4) in base 14?
-69762
Convert -32200230230 (base 4) to base 7.
-44222141
Convert -1434045 (base 6) to base 11.
-57018
Convert -32502414 (base 8) to base 15.
-92d61b
Convert -643633 (base 9) to base 2.
-1011101100100001001
What is -13360e (base 15) in base 3?
-1201212202112
Convert -141244201 (base 6) to base 3.
-12101200201201
39539 (base 15) to base 16
2cc85
What is -1769737 (base 10) in base 4?
-12300010021
Convert 861777 (base 10) to base 13.
242337
Convert -4010a1 (base 11) to base 2.
-10011101101000001110
What is 220322 (base 6) in base 14?
692a
What is 61d9b3 (base 14) in base 9?
6183717
What is -12010202100 (base 3) in base 14?
-28c11
Convert -1001101000100010 (base 2) to base 6.
-502402
What is 10201102122 (base 3)